0100000000
Convert -3632995 (base 11) to base 8.
-30110677
Convert 222767 (base 9) to base 2.
100000100010111010
What is -3034022 (base 5) in base 15?
-e8e2
Convert 2aed66 (base 16) to base 2.
1010101110110101100110
Convert -21032103 (base 4) to base 12.
-19a43
What is -270145 (base 8) in base 6?
-2004341
-43661 (base 9) to base 11
-1a849
Convert -380a3 (base 15) to base 6.
-3500500
Convert 224 (base 11) to base 12.
1a4
Convert -11324442 (base 5) to base 16.
-19a25
What is -67664 (base 11) in base 5?
-11113314
What is 1331101003 (base 4) in base 7?
4234615
384986 (base 10) to base 11
243278
What is 1ca7b67 (base 13) in base 8?
44441152
-135218 (base 13) to base 9
-783365
-212220031 (base 6) to base 13
-a14220
What is 3c97b (base 15) in base 13?
6a6ca
Convert -1204ac5 (base 15) to base 5.
-11302102220
What is -66377 (base 13) in base 14?
-4b693
Convert -2a52838 (base 13) to base 5.
-11424441041
What is -127e99 (base 16) in base 6?
-41551213
What is 61456215 (base 7) in base 12?
187a870
-35200462 (base 7) to base 3
-12211010102111
Convert b59d04 (base 14) to base 9.
12481152
Convert -5a6901 (base 15) to base 10.
-4325401
What is -242476 (base 8) in base 7?
-464514
Convert 125476 (base 9) to base 5.
4414314
2468517 (base 10) to base 7
26660562
Convert 179d38 (base 15) to base 7.
12515216
Convert 21304401 (base 5) to base 6.
3521523
Convert 370754 (base 8) to base 13.
46033
What is 6a680 (base 16) in base 10?
435840
Convert -1100000000001 (base 2) to base 14.
-234d
1202121001012 (base 3) to base 11
58a914
What is -1311330023 (base 4) in base 14?
-c809d
47425 (base 14) to base 8
523171
Convert -668782 (base 11) to base 15.
-160b92
What is -11101011001101101 (base 2) in base 14?
-31c61
-259ea (base 16) to base 14
-40226
Convert 33a713b (base 13) to base 11.
8a77598
58427 (base 9) to base 2
1001100001001010
-4233330310 (base 5) to base 10
-8886330
What is -90b99 (base 15) in base 3?
-212021121000
What is -10001120012002 (base 3) in base 13?
-44b8b0
Convert -100514414 (base 6) to base 16.
-1a41ea
Convert 112020100000 (base 3) to base 9.
466300
Convert -12300021003 (base 4) to base 2.
-110110000001001000011
Convert -92772 (base 11) to base 16.
-210bd
What is 4645306 (base 7) in base 6?
20254354
What is 4596203 (base 10) in base 7?
54032003
-3b0475 (base 16) to base 8
-16602165
What is 67009 (base 10) in base 11?
46388
Convert -110011011111110001001 (base 2) to base 11.
-a52880
-36746 (base 13) to base 3
-12002022122
What is 49353 (base 12) in base 6?
2042143
278c15 (base 13) to base 15
140125
-9a9182 (base 12) to base 14
-481670
What is 12106461 (base 7) in base 9?
2022586
What is 1122120012122 (base 3) in base 5?
211032024
What is 4204531 (base 6) in base 2?
110001100111100111
What is -1101110100111000001101 (base 2) in base 14?
-6a4c21
625031 (base 8) to base 10
207385
What is 100101011010111100 (base 2) in base 13?
549c6
Convert -10020121112212 (base 3) to base 11.
-a786a5
Convert -6672144 (base 8) to base 11.
-10198a9
Convert 11112101021011 (base 3) to base 4.
21030011221
What is -10110100010010001 (base 2) in base 5?
-10423210
-2363304 (base 7) to base 8
-1114371
604647 (base 11) to base 5
222104112
98232 (base 12) to base 11
127932
Convert 1096806 (base 10) to base 13.
2c52c9
What is -6011166 (base 7) in base 9?
-1300173
What is 3513511 (base 6) in base 10?
180979
21453622 (base 9) to base 11
5942490
-29a455 (base 11) to base 16
-7230d
What is -4030603 (base 7) in base 2?
-1110100101110010000
-5a33492 (base 11) to base 4
-220013211100
What is 349b2 (base 13) in base 11?
66258
1623 (base 7) to base 6
3010
What is -118822 (base 12) in base 2?
-1000101011110011010
What is 1deacb (base 15) in base 10?
1467191
What is 102132310 (base 4) in base 3?
10211211201
Convert 102771 (base 9) to base 12.
2b46a
-27c33 (base 13) to base 14
-1d267
-2cc46 (base 14) to base 15
-23384
-1360375 (base 9) to base 12
-301035
a09301 (base 11) to base 12
663199
-1020012211211 (base 3) to base 5
-131410200
What is 4024164 (base 8) in base 11?
663656
-14445322 (base 9) to base 10
-7175081
-3165356 (base 7) to base 11
-244067
What is 24479b (base 16) in base 6?
122543311
What is -751a511 (base 11) in base 15?
-126661a
-24b96 (base 14) to base 15
-1ba66
What is 6ec3 (base 16) in base 15?
8605
Convert 14b5188 (base 13) to base 15.
8b1998
Convert 143137 (base 8) to base 10.
50783
-2e9e57 (base 15) to base 8
-10500163
What is 12fea5 (base 16) in base 12?
500485
What is 3650376 (base 8) in base 15?
14c634
Convert 2556332 (base 7) to base 15.
68c7b
What is -9969863 (base 10) in base 5?
-10023013423
What is -13302010023 (base 4) in base 9?
-3748410
Convert 1002211101210 (base 3) to base 14.
113d84
-2a59a4 (base 13) to base 15
-1585e1
What is -2110122032 (base 4) in base 7?
-5111156
What is 310220103 (base 5) in base 2?
100110011000000111000
-2d918 (base 14) to base 13
-40037
Convert -464436 (base 10) to base 9.
-777070
Convert 8b8df (base 16) to base 11.
360510
Convert -10110001111101 (base 2) to base 5.
-331024
What is 1000100101010000001 (base 2) in base 5?
32444332
38a031 (base 11) to base 3
1011011201212
2001012212021 (base 3) to base 9
2035767
Convert -498cb (base 14) to base 13.
-63c95
What is -172d63 (base 14) in base 10?
-814859
What is -5583e (base 15) in base 8?
-1022763
Convert 268040 (base 9) to base 16.
27e04
Convert 42167 (base 12) to base 6.
1505011
Convert 487de (base 15) to base 16.
38774
Convert 11011011010011010 (base 2) to base 13.
3c151
-1234103 (base 8) to base 12
-145b6b
Convert 60b12a (base 13) to base 8.
10456542
What is 7626662 (base 8) in base 13?
567080
Convert adb12e (base 15) to base 5.
4110224034
Convert -43550f (base 16) to base 8.
-20652417
Convert 13206 (base 11) to base 12.
ab16
What is 1b112 (base 14) in base 8?
206314
Convert -17212c (base 15) to base 13.
-30319b
Convert -2b64f (base 16) to base 13.
-62b97
What is -10110111100101111 (base 2) in base 11?
-64694
What is -1111101100100010001 (base 2) in base 6?
-15005041
Convert 70aa7 (base 16) to base 13.
132085
What is -12815619 (base 10) in base 15?
-11d2349
What is 42635237 (base 8) in base 2?
100010110011101010011111
-60b27 (base 14) to base 13
-81bb0
Convert 35c29 (base 13) to base 11.
681a6
What is 322023202302 (base 4) in base 16?
e8b8b2
1063111 (base 9) to base 13
170b06
What is 93188 (base 12) in base 7?
1426634
132003123203 (base 4) to base 5
4004101441
1012002121012 (base 3) to base 15
c72bb
Convert -bb2a4 (base 12) to base 10.
-247516
-601643 (base 8) to base 5
-22310124
What is 11042120 (base 5) in base 7?
551305
Convert 100000100010010010 (base 2) to base 3.
20202210210
2011133202 (base 4) to base 13
161b56
Convert -83992 (base 14) to base 6.
-10445404
What is 19a243 (base 12) in base 5?
103444300
What is 31065 (base 13) in base 16?
1579b
What is 1101101011111011111011 (base 2) in base 3?
20202021120210
16801b (base 13) to base 3
1001110112100
What is -740117 (base 12) in base 7?
-21340333
Convert -3342776 (base 8) to base 6.
-31202542
Convert -20020012 (base 3) to base 5.
-121131
Convert -239079 (base 14) to base 2.
-100101000110011010011
Convert -100101010000100000 (base 2) to base 10.
-152608
Convert -25503502 (base 6) to base 3.
-1120022110202
What is -3ec20 (base 16) in base 13?
-90007
Convert 487816 (base 13) to base 12.
6b548a
Convert 1335581 (base 9) to base 15.
e7014
Convert 141331044 (base 5) to base 8.
2622045
4634286 (base 11) to base 9
16218030
Convert 84555 (base 15) to base 4.
1212131321
Convert 20745 (base 12) to base 11.
29a57
What is 111201121212 (base 3) in base 5?
32121220
-75932b (base 16) to base 9
-15443721
What is -31411 (base 6) in base 10?
-4255
Convert -333113223 (base 5) to base 15.
-1dbbe3
Convert 542907 (base 11) to base 14.
18825b
5a2ca3 (base 13) to base 4
20030210112
-33212100 (base 4) to base 6
-1211440
What is -247667 (base 9) in base 14?
-3c93a
Convert -8097cc (base 14) to base 5.
-2102010330
10010110100011001000 (base 2) to base 9
1138784
Convert -22240406 (base 7) to base 5.
-443111204
Convert -2230243104 (base 5) to base 6.
-253404501
449d94 (base 14) to base 5
1044113314
14241b (base 15) to base 16
ecb4f
What is 52510634 (base 7) in base 14?
837dc4
Convert 42d1d (base 15) to base 14.
57495
What is 2493ca2 (base 13) in base 8?
53402456
11527